of 18083 and 3424.
107
Calculate the highest common factor of 46635 and 640.
5
What is the highest common divisor of 1148 and 12956?
164
Calculate the highest common factor of 61556 and 220.
44
Calculate the highest common factor of 115635 and 520.
65
What is the greatest common divisor of 1323642 and 7014?
1002
What is the highest common divisor of 28 and 2343404?
28
What is the highest common factor of 377 and 1950?
13
Calculate the highest common divisor of 10379712 and 1344.
1344
What is the greatest common divisor of 640055 and 86?
43
Calculate the highest common divisor of 3807812 and 1832.
916
Calculate the highest common divisor of 107431 and 371.
53
What is the highest common factor of 5696 and 12592?
16
Calculate the greatest common divisor of 66375 and 5841.
531
What is the highest common factor of 253571 and 688?
43
What is the greatest common factor of 92 and 1242?
46
Calculate the highest common factor of 111 and 4699.
37
What is the highest common factor of 158022 and 126?
18
What is the highest common divisor of 27808 and 704?
352
Calculate the highest common divisor of 661519 and 58.
29
Calculate the highest common divisor of 112 and 106480.
16
What is the greatest common factor of 390 and 12020?
10
Calculate the highest common factor of 10498 and 6902.
58
What is the greatest common factor of 34427 and 6920?
173
What is the greatest common divisor of 125 and 71800?
25
Calculate the highest common divisor of 2624 and 1107.
41
What is the greatest common divisor of 1180 and 23718?
118
Calculate the highest common divisor of 837 and 72.
9
What is the greatest common divisor of 175854 and 237?
237
What is the highest common factor of 37582 and 387?
43
What is the greatest common divisor of 80645 and 1?
1
What is the greatest common factor of 39624 and 234?
78
Calculate the highest common divisor of 270391 and 9823.
517
Calculate the greatest common factor of 3940 and 444629.
197
Calculate the highest common factor of 8267 and 833.
7
Calculate the highest common divisor of 72 and 139962.
6
Calculate the greatest common factor of 26892 and 720.
36
What is the highest common factor of 544 and 5967?
17
Calculate the greatest common divisor of 45 and 14517.
9
Calculate the highest common factor of 321342 and 588.
294
What is the highest common factor of 6 and 58686?
6
What is the greatest common factor of 90 and 42705?
45
Calculate the highest common factor of 96653 and 38.
19
Calculate the greatest common factor of 848 and 2014.
106
What is the greatest common divisor of 297 and 407?
11
Calculate the highest common divisor of 599192 and 363.
121
What is the highest common factor of 411372 and 195?
39
What is the highest common divisor of 68 and 1989?
17
Calculate the highest common factor of 748 and 3938.
22
What is the highest common factor of 200 and 50900?
100
What is the highest common factor of 275396 and 968?
484
What is the greatest common factor of 282 and 44982?
6
What is the greatest common factor of 293360 and 57?
19
What is the highest common divisor of 229344 and 160?
32
Calculate the greatest common factor of 58 and 27376.
58
Calculate the greatest common factor of 3596 and 580.
116
What is the greatest common divisor of 516 and 65532?
516
Calculate the greatest common factor of 951084 and 116.
116
What is the highest common divisor of 246 and 73980?
6
Calculate the greatest common divisor of 2356 and 608.
76
Calculate the highest common factor of 15 and 42045.
15
Calculate the highest common factor of 146073 and 46.
23
What is the highest common factor of 101188 and 164?
164
Calculate the highest common factor of 100 and 22670.
10
What is the greatest common factor of 1225 and 681625?
175
Calculate the highest common factor of 542717 and 93.
31
What is the highest common factor of 69706 and 1820?
182
What is the highest common factor of 86 and 39990?
86
Calculate the highest common divisor of 25 and 40045.
5
Calculate the greatest common divisor of 256 and 11456.
64
What is the highest common divisor of 243 and 73746?
9
Calculate the highest common divisor of 1162465 and 145.
145
Calculate the highest common divisor of 1326 and 1781.
13
Calculate the highest common factor of 4576 and 25040.
16
Calculate the greatest common factor of 2986688 and 23.
23
Calculate the highest common factor of 8553 and 15.
3
Calculate the highest common factor of 23 and 8461217.
23
Calculate the highest common factor of 102944 and 416.
32
What is the highest common divisor of 5390 and 25520?
110
Calculate the greatest common divisor of 111393 and 18.
9
What is the highest common divisor of 42 and 1032906?
42
Calculate the greatest common factor of 27026192 and 134.
134
What is the highest common factor of 680 and 278188?
68
Calculate the greatest common divisor of 228 and 27384.
12
What is the greatest common divisor of 41610 and 57760?
190
Calculate the greatest common divisor of 1056 and 12639264.
1056
Calculate the highest common divisor of 119611 and 1.
1
What is the greatest common divisor of 6040 and 25?
5
Calculate the greatest common factor of 6963 and 495.
33
What is the highest common divisor of 955 and 107151?
191
What is the highest common factor of 906 and 6792?
6
What is the highest common factor of 6621132 and 84?
84
What is the greatest common factor of 7025 and 36775?
25
What is the highest common factor of 49790 and 80?
10
What is the highest common factor of 1280136 and 24?
24
Calculate the greatest common divisor of 14 and 1050651.
7
What is the highest common factor of 364 and 281476?
52
What is the highest common divisor of 28756 and 29309?
553
What is the greatest common factor of 427498 and 218?
218
What is the highest common divisor of 179653 and 114172?
1679
Calculate the greatest common factor of 44460 and 144.
36
What is the highest common divisor of 12438 and 4527?
9
Calculate the greatest common divisor of 970185 and 15.
15
What is the greatest common divisor of 5754 and 420?
42
Calculate the highest common divisor of 114429 and 63.
21
What is the highest common divisor of 11295 and 80?
5
What is the greatest common factor of 9264 and 1920?
48
Calculate the greatest common factor of 95641 and 91.
91
Calculate the greatest common divisor of 50300 and 9557.
503
Calculate the highest common divisor of 218 and 532247.
109
What is the highest common factor of 186 and 4305993?
93
Calculate the highest common factor of 7671720 and 2520.
840
Calculate the greatest common divisor of 15879276 and 427.
427
Calculate the highest common factor of 209 and 295735.
209
Calculate the highest common divisor of 49 and 17129.
7
Calculate the greatest common factor of 18880 and 28640.
160
What is the greatest common factor of 6 and 634?
2
What is the highest common factor of 4040784 and 528?
528
Calculate the highest common divisor of 13226 and 35734.
34
Calculate the greatest common factor of 388 and 726724.
388
Calculate the highest common factor of 6622 and 2752.
86
What is the highest common factor of 356 and 170?
2
What is the greatest common factor of 16336 and 391043?
1021
Calculate the highest common factor of 365480 and 10.
10
What is the highest common divisor of 39591 and 1537?
53
Calculate the greatest common divisor of 701374 and 1048.
262
Calculate the greatest common divisor of 24540 and 80.
20
Calculate the greatest common divisor of 1284756 and 60.
12
Calculate the highest common divisor of 3209868 and 108.
108
What is the highest common factor of 90234 and 594?
54
What is the greatest common divisor of 140 and 406540?
20
Calculate the highest common factor of 88825 and 1925.
275
What is the highest common factor of 32 and 105872?
16
What is the highest common divisor of 18 and 2487501?
9
What is the highest common factor of 534324 and 336?
84
What is the greatest common divisor of 176160 and 100?
20
What is the highest common divisor of 164 and 175?
1
What is the highest common divisor of 600 and 11893200?
600
What is the greatest common divisor of 104199 and 376?
47
What is the greatest common factor of 1445323 and 524?
131
Calculate the greatest common divisor of 25036 and 22.
22
What is the highest common factor of 23220 and 378?
54
Calculate the greatest common factor of 1528 and 336542.
382
What is the 